en g is divided by 100.
97
Suppose -5550 = -9*w + 9543. Calculate the remainder when w is divided by 42.
39
Let k(x) = -7*x + 2*x + 6 + x**2 + 6*x. Let n be k(0). What is the remainder when 36 is divided by 10 + (-14)/(-21) + 14/n?
10
Let m be 540/(-130) + 4 - (-106)/13. Suppose -5*c - m*v = -11*v - 43, -20 = -5*v. Let x = -24 - -88. What is the remainder when x is divided by c?
9
Let c = -40 + 188. Let j = -118 + c. Calculate the remainder when j is divided by 6.
0
Suppose 0 = 2*d - 20 + 200. Let c(u) = 44*u - 20. Let k be c(3). Let g = d + k. What is the remainder when 42 is divided by g?
20
Let j = 56 + -54. Suppose -j*b + 41 = 3*f, 5*f - 3*b - 60 = 21. Calculate the remainder when 119 is divided by f.
14
Let s = 83 - 63. What is the remainder when (1520/(-25))/((-8)/s) is divided by 39?
35
Let w(c) = 2*c + 528. What is the remainder when w(-10) is divided by 99?
13
Suppose -2*i = 2*z - 1030, 2*i - 2*z - 512 = 514. Calculate the remainder when i is divided by 15.
4
Let d = 27325 + -27295. Suppose 3*u = -4*j + 162, 0*j + 4*j = -12. Calculate the remainder when u is divided by d.
28
Let h = -115 + 115. Suppose 0 = -3*b - 4*n - 212, -2*b + 3*n - 113 = -h*n. What is the remainder when 96 is divided by b/(-2) + -3*1/(-3)?
30
Let v = 16 - 13. Suppose -1 = 2*q + n, 4*q - n = 1 - 6. Calculate the remainder when v is divided by (-4)/2 - 10/(-1 + q).
0
Let q = 29294 + -28954. Calculate the remainder when q is divided by 27.
16
Let v = 543 + 451. Suppose 11*a = 260 + v. Calculate the remainder when a is divided by 30.
24
Suppose -4*o - o = l - 92, l = 5*o + 62. Suppose 2*m - 117*y + 121*y - 50 = 0, 4*m + y - 149 = 0. What is the remainder when l is divided by m?
38
Let o = -51 - 43. Let b(q) = 24*q**2 + 16*q + 52. Let m be b(-2). Let c = o + m. What is the remainder when c is divided by 6?
4
Let g(a) = a**3 - 5*a**2 - 35*a - 260. Calculate the remainder when g(11) is divided by 4/(-6)*(-222)/4.
7
Suppose -3*w = -6, -13*z + 56 = -9*z + 4*w. Suppose -3*k = 2*n - 44, 2*k - 4*n - 40 = -0*k. What is the remainder when k is divided by z?
4
Let d(p) = -49*p**3 + 2*p**2 + 2*p - 4. Let b be d(-2). Suppose -3*f - 46 = 2*a - b, -5*a = -5*f - 840. Calculate the remainder when a is divided by 45.
35
Let u = 25590 - 17842. Calculate the remainder when u is divided by 228.
224
Let c(f) = f + 22. Calculate the remainder when ((-6)/12)/(2/(-104))*(1 + 2) is divided by c(-13).
6
Let z = -57 - -92. Let m = 35597 + -35459. Calculate the remainder when m is divided by z.
33
Suppose 58 = 2*b + 272*t - 274*t, b - 5*t - 37 = 0. Suppose 6 = -3*n + 4*n. Let r = 4 + n. What is the remainder when b is divided by r?
7
Let w(g) = g - 1. Let k be w(5). What is the remainder when 14949/198 + (-2)/(-4)*-1 is divided by (-380)/(-15) + k/6?
23
Let o(g) = g**3 + 8*g**2 - 2*g - 4. Let p(s) = s + 3. Let w(r) = r - 5. Let k be w(10). What is the remainder when o(-8) is divided by p(k)?
4
Suppose -10 = 2*b - 8, -3*b + 396 = 3*h. Suppose 23 = 12*r - h. Let v(w) = -9*w - 7. Calculate the remainder when v(-6) is divided by r.
8
Suppose -12*u - 1432 = -1228. Let s(z) = -z**2 - 23*z - 43. Calculate the remainder when s(u) is divided by 7/(-2 - -3) + -2.
4
Suppose 204 = 4*h - 520. Suppose 0 = -5*d - h - 39. Let p = d - -130. Calculate the remainder when p is divided by 8.
6
Suppose 4*b + 365 = -5*p, 134 = -5*p + 3*p - 4*b. Let i = 104 + p. What is the remainder when 43 is divided by i?
16
Let r = 60 - -14. Let f(t) = t**3 + 33*t**2 + 122*t + 985. What is the remainder when r is divided by f(-30)?
24
Suppose 0 = -5*p + 5, -2*p - 13 = -4*r - 3*p. Suppose 3*v - 20 = -2*v, 0 = -r*k - 5*v + 917. Calculate the remainder when k is divided by 15.
14
Let d(k) = -k**2 + 6*k - 4. Let q = 273 - 270. Calculate the remainder when 39 is divided by d(q).
4
Suppose -12 + 40 = 4*s. Let g be (-378)/(-2)*((-21)/(-9))/s. Let p = -55 + g. What is the remainder when 78 is divided by p?
6
Suppose i - 6*i + 263 = 3*g, g + i = 87. What is the remainder when g is divided by (-78)/1170*126*30/(-7)?
14
Let m(h) = 57*h + 1010. Calculate the remainder when m(-9) is divided by 81.
11
Suppose 0 = -12*k + 26*k - 3920. Suppose 5*b + 0*l - 270 = -l, -l - k = -5*b. Calculate the remainder when ((-1)/1)/((-11)/b) is divided by 1.
0
Suppose 0 = -4*l + 11*l - 147. Let x = l + 31. Suppose 5*n - 26 = -j + 3*n, -3*j - 3*n + 81 = 0. What is the remainder when x is divided by j?
24
Let o(j) be the first derivative of 21*j**2/2 + 2*j + 9. Calculate the remainder when o(12) is divided by 16.
14
Suppose -30*w + 28*w = 2*v - 5590, -4*w + 11174 = 2*v. Suppose 0 = -20*a + w + 808. What is the remainder when a is divided by 38?
28
Let s(d) = 30*d**2 - 2. Let g(i) = 5*i**2 + 6*i + 2. Let o = -33 + 31. What is the remainder when s(1) is divided by g(o)?
8
Let n be 12/8*220/(-33). Let p(v) = 150*v**2 + 1. Calculate the remainder when p(1) is divided by -7 + (41 - 40/n).
37
Suppose 216 = 2*f - 0*b - 4*b, -4*b = 3*f - 274. Let w(q) = -q**3 + 8*q**2 + 24*q - 31. Calculate the remainder when f is divided by w(10).
8
Suppose 7*x - 154 = -0*x. Let y = 67 - x. What is the remainder when 54 is divided by y?
9
Let z be 0 + (1 - 37)/6. What is the remainder when 52 is divided by z - -8 - -1 - -8?
8
Let m = 12015 - 11945. What is the remainder when 15189 is divided by m?
69
Let t(g) = -g**3 - 14*g**2 - 70*g - 48. Let n be t(-21). Suppose m + n = 28*m. Calculate the remainder when m is divided by 19.
15
Let l(k) = k**3 - 19*k**2 + 6*k + 14. Calculate the remainder when 132 is divided by l(19).
4
Suppose v - 14 - 2 = -3*d, -2*v + 3*d = 13. Let z be v/2*-13*-2. Suppose 0 = z*p - 6*p - 63. Calculate the remainder when 23 is divided by p.
5
Suppose 66*r - 1152 = 27*r + 291. What is the remainder when 2366 is divided by r?
35
Suppose -10*i = 1559 - 11439. Suppose 11*d = i + 255. What is the remainder when d is divided by 58?
55
Let v = -187 - -190. What is the remainder when ((-27 - 0)/(-3))/(v/99) is divided by 79?
60
Let w = 25 + -55. Let y = w + 24. What is the remainder when 105 is divided by (6/(-4))/(y/48)?
9
Suppose -168 = 6*j - 14*j. Let n = j - 15. Suppose 18 + 22 = 4*k + f, 0 = -2*k + 4*f + 2. Calculate the remainder when k is divided by n.
3
Let k(p) = 20*p**2 - p + 19. Let o be k(-3). Suppose 0 = 3*f - 2*x - o, -4*f + 0*x + 2*x + 266 = 0. Calculate the remainder when 127 is divided by f.
63
Suppose 4*u + 3*g = 2*g - 125, -u + 5*g - 5 = 0. Let p = u + 38. Suppose 193 + p = 3*j. Calculate the remainder when j is divided by 34.
33
Let m = -1004 - -1052. What is the remainder when 426 is divided by m?
42
Let n = 2075 - 2060. Let z be ((-3)/1)/3 + -7. Calculate the remainder when n is divided by (z + -10)*(-2)/6.
3
Suppose 2*d - 3*q = 102, 0 = -5*d - 1356*q + 1361*q + 260. What is the remainder when 478 is divided by d?
46
Suppose 67*j = -67*j + 39536 + 6024. Calculate the remainder when j is divided by 110.
10
Suppose 4*u = 20, 1 = 4*z - 5*u + 10. Let g(k) = 2*k**2 + 3*k**2 - 3*k**2 + 10 - k**2 - 3*k. What is the remainder when 96 is divided by g(z)?
12
Let r(y) = -y**2 + 63*y + 2694. What is the remainder when r(85) is divided by 204?
8
Let g(a) = -12*a**2 + 218*a - 229. Calculate the remainder when 2248 is divided by g(17).
7
What is the remainder when (-26 + 554 + -23)/(2*(-1)/(-6)) is divided by 189?
3
Suppose 51 = 3*a - 0*a. Calculate the remainder when -48*(0 + 10/(-15)) is divided by a.
15
Let r = -3942 - -3962. What is the remainder when 757 is divided by r?
17
Let j(t) = -33*t + 2 - 4 + 5. What is the remainder when j(-3) is divided by ((-36)/(-342))/(4/988)?
24
Let u(h) = -2*h**2 + 44*h - 105. Let w be ((-128)/(-96))/(8/90). What is the remainder when u(w) is divided by 31?
12
Let b = 1861 + -1254. What is the remainder when b is divided by 12?
7
Suppose 4*h = -4*g + 80, -4*h = h + 30. What is the remainder when 690 is divided by g?
14
Suppose -33 - 27 = 20*l. Let j(y) = 13*y**2 - 4. What is the remainder when j(l) is divided by 99?
14
Suppose -2*j - s - 6 = 0, 0 = -5*j - 0*j - 4*s - 12. Let l be 9/((-18)/(-32)*j/(-3)). Calculate the remainder when (-16)/l*(-12)/8 is divided by 2.
0
Let l = 3269 - 3194. What is the remainder when l is divided by 41?
34
Let x(c) be the second derivative of c**5/20 + 11*c**4/12 - 13*c**3/3 + 13*c**2 - c - 24. Cal